alculate the highest common factor of k and 4.
4
Let w = 5 - -8. Let g = 3 + 0. Suppose -g*q + 124 = -305. What is the highest common divisor of w and q?
13
Let i = -22 + 44. Calculate the greatest common divisor of i and 55.
11
Let p = 8 + 12. Suppose 5*l = -5*c + p, -3*c + 5*l = l - 47. What is the highest common divisor of 81 and c?
9
Let w be ((-17)/(-3))/(4/12). Let n = 29 - w. Calculate the greatest common divisor of n and 48.
12
Let q = -11 + 32. Let s be 20*3/18*q. Let m = 8 + 6. Calculate the greatest common factor of m and s.
14
Let h(b) = b**2 - 3*b - 14. Let o be h(8). What is the highest common factor of 26 and o?
26
Let w(n) be the first derivative of 3*n**2 + 2*n - 5. Suppose -x - 2 = -2*x. Let r be w(x). What is the greatest common factor of 7 and r?
7
Let f = -17 + 28. Let v(l) = 28*l**2 - 2*l - 3. Let x be v(-2). Suppose -5*y - 3*w + x = -122, -y = 3*w - 59. What is the greatest common divisor of f and y?
11
Let n(q) = 2*q + 12. Let j be n(0). Suppose -4*b = -j, -a + 6*a - 3*b = 516. Calculate the highest common factor of 42 and a.
21
Let j = 177 - 105. Let q be (9/6)/(2/36). Suppose m + q = 4*m. Calculate the highest common divisor of j and m.
9
Suppose 0 = 4*x - 9*x + 525. Calculate the highest common divisor of 42 and x.
21
Let y be (-16)/40 - 124/(-10). What is the highest common factor of 8 and y?
4
Let g be 8/2 - (-840 - -19). Suppose -4*y = y - g. Calculate the highest common divisor of 15 and y.
15
Suppose l + 0*l + 53 = -q, 2*l + 8 = 0. Let d = q + 238. What is the highest common factor of 27 and d?
27
Let g = 49 + -29. Calculate the greatest common divisor of g and 5.
5
Suppose 0 = -0*v + 5*v - 840. Suppose 35 + 37 = 3*s. What is the highest common divisor of s and v?
24
Let d = 9 - 4. Suppose -d = -0*v - v + 2*b, 5*b + 13 = 2*v. Let u be v*(-24)/(-9)*-3. Calculate the highest common factor of 72 and u.
8
Let u = -5 - -9. Suppose d - 1 - u = 0. Calculate the greatest common divisor of d and 5.
5
Let i be (-476)/(-24) - (-2)/12. Let o = -5 - -13. Calculate the highest common divisor of o and i.
4
Suppose y + 0*y = 0. Suppose y = 4*r - 3*r - 1. Let b be (5/(-5))/(r/(-110)). What is the greatest common divisor of b and 10?
10
Let c = -3 + 25. Let a(z) = z**2 - 4*z + 6. Suppose 6 = -2*u + 5*u. Let n be a(u). Calculate the highest common divisor of n and c.
2
Let a(m) = 2*m**3 + 2*m**2 - 4*m + 2. Let z be a(2). Suppose -3*j = -4*c + 192, c - 53 = -0*c + 2*j. Calculate the highest common divisor of z and c.
9
Suppose -5*r = 2*l + 26, 4*r + 3*l = -10 - 8. Let w be r/14 - 432/(-28). What is the highest common divisor of 5 and w?
5
Suppose 4*u - 31 = 5. Suppose -2 = -0*r + 2*r. Let m be (-3)/(r + (-16)/(-18)). Calculate the highest common factor of u and m.
9
Suppose -140 = -4*q + 5*x, 0*q = 4*q + 4*x - 104. Suppose 79 = g + 2*w, 7 = 5*w - 3. What is the highest common factor of q and g?
15
Let b(f) be the second derivative of f**3/6 + 13*f**2 - 2*f. Let a be b(-12). Calculate the greatest common factor of a and 14.
14
Let a be -8 + 11 + 8 + (1 - 0). Calculate the greatest common factor of a and 9.
3
Let m = -13 + 15. Suppose -4*c + m*f + 436 = 0, c - 4*f = -0*c + 102. Calculate the greatest common divisor of c and 22.
22
Let m = 0 + 4. Let y = -12 - -40. Suppose -l - y = -4*l + m*t, 4*t = 2*l - 20. Calculate the greatest common factor of 56 and l.
8
Let y(i) = -12*i - 1. Let z be y(-5). Let q = z + -7. What is the greatest common factor of 78 and q?
26
Let c = 83 + 38. What is the greatest common divisor of 11 and c?
11
Suppose -18*d = -20*d + 46. What is the greatest common divisor of 46 and d?
23
Let v(z) = z**2 + 5*z - 1. Let m be v(-6). Suppose -x = -2*x + 3*d + 25, -3*x + 95 = -5*d. Calculate the highest common divisor of x and m.
5
Let x(d) = -d**3 + 2*d**2 + 4*d + 9. Let l be x(3). What is the highest common divisor of l and 3?
3
Suppose 0 = 4*g - 4, 0 = 6*i - 2*i + 5*g - 445. Calculate the greatest common factor of 10 and i.
10
Let d(i) = 4*i**2 + 4*i - 4. Let v be d(6). Suppose 5*h + 24 = v. What is the greatest common factor of h and 4?
4
Let w = -222 + 378. Suppose 0 = 4*q - w - 108. Calculate the greatest common factor of q and 22.
22
Suppose t = -3*p + 16, -3*t = -4*p + t. Let z(q) = -q**3 + 5*q**2 - 4. Let f be z(p). What is the highest common factor of 24 and f?
12
Let d(w) = -w**2 - 4*w. Let a be d(-2). Suppose n - 20 = 2*k + 7, -n - a*k = -27. Calculate the greatest common divisor of n and 243.
27
Let d = 4 - 0. Calculate the highest common factor of d and 20.
4
Suppose r + 2*f = -3*f + 121, -5*r - 5*f + 605 = 0. What is the highest common factor of r and 11?
11
Suppose q - 5 - 7 = 0. Let o be q + -2 + -1 + 6. Calculate the greatest common factor of o and 45.
15
Suppose 24*m + 704 - 3584 = 0. Suppose 8 - 23 = -t. What is the greatest common divisor of m and t?
15
Let y(c) be the first derivative of -c**2/2 + 9*c - 3. Let r be y(0). Calculate the greatest common divisor of r and 9.
9
Suppose 0 = 2*n - 9 + 1. Suppose -3*w + 0*w = -30. Let d(i) = -i + 14. Let u be d(w). What is the highest common factor of u and n?
4
Suppose -4*o + 2*d = 0, 2*d = 3*d. Suppose 3*u - 1 - 65 = o. Calculate the greatest common factor of u and 66.
22
Suppose -5*k - 30 = -3*c, -5*c + 28 = 3*k - 22. Calculate the highest common factor of c and 10.
10
Let m be (-1)/(9/6 + -2). Suppose -m*z = -21 - 39. What is the greatest common divisor of 45 and z?
15
Let k(p) = -5*p + 9. Let m be k(-7). Suppose -2*a = -6*a + m. Calculate the highest common factor of 11 and a.
11
Let i(t) = 3*t + 4. Let s be i(4). Let x = s - 1. What is the highest common factor of x and 3?
3
Suppose 4*x - 297 - 87 = 0. What is the greatest common factor of x and 64?
32
Let x = -4 + 5. Let i be (x*(1 - 10))/(-1). Suppose -2*d = l + 3*d - 13, 4*l = 4*d + 4. What is the greatest common factor of l and i?
3
Let q be 3 + (58 - (3 + -2)). Calculate the greatest common factor of q and 12.
12
Let s(w) = w**3 - w**2 + w + 42. Let l be s(0). Let h = -3 + 5. Suppose -26 = -3*c - h*u + 68, -48 = -c - 4*u. What is the greatest common factor of l and c?
14
Let z = -139 + 202. Suppose -t - b = -7, 0 = 2*t + 2*t - 4*b - 44. What is the highest common divisor of z and t?
9
Let i = -8 - -24. What is the highest common divisor of 2 and i?
2
Let j(h) = -h + 16. Let o be j(12). Suppose 4*t - 172 = -o*a, 0 = -5*a + 2*t - 0*t + 194. What is the highest common factor of a and 10?
10
Suppose 0 = 2*v - 5*v + 6. Calculate the highest common factor of v and 6.
2
Let s be 4/12 + (-4 - (-190)/15). Calculate the greatest common divisor of 3 and s.
3
Let c(x) = 6*x**2 + 4*x + 5. Let q(r) = -25*r**2 - 15*r - 20. Let j(s) = 9*c(s) + 2*q(s). Let i be j(-4). What is the greatest common factor of 18 and i?
9
Let t = -6 - -3. Let s = t + 9. Let g be ((-3)/s)/(2/(-160)). Calculate the highest common divisor of 8 and g.
8
Suppose 2*j - 12 = -2*j. Suppose -j*i - 5*f = -0*i + 21, 3*i - 4*f = 6. Let s be (-2)/(1/8*i). What is the greatest common divisor of 20 and s?
4
Let i = 662 - 407. Suppose 3*x + 0*x = i. Let c(t) = t**3 + 3*t**2 - 7*t + 1. Let j be c(3). What is the greatest common divisor of j and x?
17
Suppose -6 = 2*t + 4, -g - 2*t + 374 = 0. Suppose -3*m - g = -6*m. What is the highest common factor of 16 and m?
16
Let s(z) be the second derivative of z**5/20 + 7*z**4/12 + 5*z**3/6 - z**2/2 + 5*z. Let u be s(-5). What is the greatest common divisor of u and 60?
12
Let l be 6 - -1 - (11 + -7). Calculate the highest common factor of 24 and l.
3
Let y = -5 + 1. Let b be 2/(y/(-38))*1. What is the highest common divisor of b and 76?
19
Suppose 2*h - 3 = 1. Let o(x) = -4 - 4*x - x + h*x + 3*x**2. Let k be o(4). What is the highest common factor of k and 4?
4
Let y be ((-1)/5)/((-3)/75). Calculate the greatest common factor of y and 55.
5
Let n(z) = -2*z**3 - 3*z**2. Suppose -p = -1 + 4. Let h be n(p). Suppose 4*o - 5*v - 60 = -v, 84 = 5*o - 2*v. Calculate the highest common factor of o and h.
9
Let f(s) = 9*s**3 + 1. Let a be f(1). Calculate the highest common factor of a and 5.
5
Suppose -z - 12 - 59 = -2*g, 5*g = -5*z + 215. Let y = g - -32. What is the greatest common factor of 28 and y?
14
Suppose -3*g - 4*b + 15 = -113, -3*b + 51 = g. Suppose 0 = m - 2*m + 53. Suppose -4*f = -m + 5. Calculate t